757 is divided by 5736.
21
Calculate the remainder when 9714 is divided by 243.
237
What is the remainder when 18465 is divided by 124?
113
Calculate the remainder when 21943 is divided by 224.
215
What is the remainder when 9510 is divided by 2369?
34
Calculate the remainder when 422894 is divided by 605.
604
Calculate the remainder when 177360 is divided by 246.
240
Calculate the remainder when 4229 is divided by 41.
6
What is the remainder when 5583 is divided by 27?
21
Calculate the remainder when 36038 is divided by 136.
134
Calculate the remainder when 130 is divided by 92.
38
What is the remainder when 17387 is divided by 39?
32
What is the remainder when 1841 is divided by 1541?
300
What is the remainder when 2270 is divided by 92?
62
Calculate the remainder when 287906 is divided by 105.
101
What is the remainder when 201514 is divided by 42?
40
Calculate the remainder when 57987 is divided by 611.
553
Calculate the remainder when 88249 is divided by 35.
14
Calculate the remainder when 3154 is divided by 2928.
226
What is the remainder when 276173 is divided by 549?
26
Calculate the remainder when 140228 is divided by 34.
12
What is the remainder when 644 is divided by 632?
12
Calculate the remainder when 8062 is divided by 537.
7
Calculate the remainder when 1714 is divided by 1610.
104
Calculate the remainder when 3414 is divided by 604.
394
Calculate the remainder when 17050 is divided by 645.
280
What is the remainder when 571533 is divided by 14?
11
Calculate the remainder when 62405 is divided by 395.
390
Calculate the remainder when 644720 is divided by 2.
0
Calculate the remainder when 178783 is divided by 564.
559
Calculate the remainder when 2980 is divided by 163.
46
Calculate the remainder when 2299 is divided by 1143.
13
Calculate the remainder when 351794 is divided by 18.
2
What is the remainder when 266956 is divided by 239?
232
Calculate the remainder when 12469 is divided by 104.
93
Calculate the remainder when 412411 is divided by 206204.
3
What is the remainder when 708 is divided by 176?
4
Calculate the remainder when 16795 is divided by 85.
50
What is the remainder when 27813 is divided by 278?
13
Calculate the remainder when 1213 is divided by 28.
9
What is the remainder when 70349 is divided by 951?
926
Calculate the remainder when 8643 is divided by 255.
228
What is the remainder when 317795 is divided by 843?
827
Calculate the remainder when 333426 is divided by 127.
51
What is the remainder when 1225 is divided by 130?
55
Calculate the remainder when 2921 is divided by 655.
301
What is the remainder when 62608 is divided by 31304?
0
What is the remainder when 13232 is divided by 3887?
1571
What is the remainder when 210 is divided by 112?
98
What is the remainder when 6500 is divided by 98?
32
Calculate the remainder when 5143 is divided by 1119.
667
Calculate the remainder when 1907 is divided by 270.
17
Calculate the remainder when 6349 is divided by 3119.
111
Calculate the remainder when 456 is divided by 47.
33
What is the remainder when 221 is divided by 178?
43
What is the remainder when 103389 is divided by 51691?
7
Calculate the remainder when 214164 is divided by 62.
16
Calculate the remainder when 667463 is divided by 222471.
50
What is the remainder when 957 is divided by 265?
162
Calculate the remainder when 5354 is divided by 103.
101
Calculate the remainder when 11809 is divided by 1686.
7
What is the remainder when 751982 is divided by 375989?
4
What is the remainder when 3382 is divided by 190?
152
What is the remainder when 8428 is divided by 338?
316
Calculate the remainder when 12691 is divided by 256.
147
Calculate the remainder when 465637 is divided by 872.
861
What is the remainder when 5579 is divided by 460?
59
Calculate the remainder when 23420 is divided by 23295.
125
What is the remainder when 1653 is divided by 15?
3
What is the remainder when 301906 is divided by 26?
20
What is the remainder when 1370134 is divided by 197?
196
What is the remainder when 80477 is divided by 32?
29
Calculate the remainder when 23482 is divided by 5863.
30
Calculate the remainder when 3082 is divided by 1514.
54
Calculate the remainder when 66999 is divided by 347.
28
Calculate the remainder when 1306 is divided by 427.
25
Calculate the remainder when 1322878 is divided by 192.
190
Calculate the remainder when 903 is divided by 57.
48
What is the remainder when 1487 is divided by 372?
371
Calculate the remainder when 3181 is divided by 168.
157
What is the remainder when 55983 is divided by 217?
214
What is the remainder when 344658 is divided by 114830?
168
Calculate the remainder when 552761 is divided by 9.
8
Calculate the remainder when 8589 is divided by 439.
248
What is the remainder when 3165 is divided by 504?
141
What is the remainder when 14327 is divided by 573?
2
What is the remainder when 101485 is divided by 1371?
31
Calculate the remainder when 1045 is divided by 64.
21
Calculate the remainder when 934 is divided by 586.
348
Calculate the remainder when 2804 is divided by 463.
26
What is the remainder when 3866 is divided by 555?
536
Calculate the remainder when 23539 is divided by 120.
19
What is the remainder when 164261 is divided by 316?
257
What is the remainder when 311584 is divided by 57?
22
Calculate the remainder when 4668 is divided by 891.
213
Calculate the remainder when 12772 is divided by 6182.
408
What is the remainder when 13998 is divided by 2776?
118
Calculate the remainder when 268 is divided by 21.
16
What is the remainder when 2277 is divided by 37?
20
Calculate the remainder when 3269 is divided by 349.
128
Calculate the remainder when 36165 is divided by 8.
5
What is the remainder when 66390 is divided by 124?
50
What is the remainder when 24272 is divided by 36?
8
Calculate the remainder when 92198 is divided by 356.
350
Calculate the remainder when 1803 is divided by 38.
17
What is the remainder when 8982 is divided by 4?
2
Calculate the remainder when 15858 is divided by 7912.
34
Calculate the remainder when 38365 is divided by 11.
8
Calculate the remainder when 2488 is divided by 413.
10
What is the remainder when 4834 is divided by 798?
46
What is the remainder when 68263 is divided by 63?
34
What is the remainder when 177272 is divided by 23?
11
Calculate the remainder when 19507 is divided by 443.
15
Calculate the remainder when 263341 is divided by 23.
14
Calculate the remainder when 992 is divided by 254.
230
What is the remainder when 1257 is divided by 1227?
30
Calculate the remainder when 1274 is divided by 174.
56
What is the remainder when 1822 is divided by 88?
62
What is the remainder when 8291 is divided by 286?
283
Calculate the remainder when 55161 is divided by 319.
293
Calculate the remainder when 594657 is divided by 73.
72
Calculate the remainder when 4297430 is divided by 716.
714
What is the remainder when 418 is divided by 384?
34
What is the remainder when 962745 is divided by 136?
1
What is the remainder when 6900094 is divided by 408?
406
Calculate the remainder when 2156 is divided by 236.
32
Calculate the remainder when 1912 is divided by 536.
304
Calculate the remainder when 120629 is divided by 60295.
39
What is the remainder when 8657 is divided by 76?
69
What is the remainder when 58431 is divided by 126?
93
What is the remainder when 137136 is divided by 11427?
12
What is the remainder when 12280 is divided by 12048?
232
Calculate the remainder when 21337 is divided by 1557.
1096
What is the remainder when 25530 is divided by 8507?
9
What is the remainder when 793343 is divided by 32?
31
What is the remainder when 107500 is divided by 5972?
4
Calculate the remainder when 20222 is divided by 578.
570
What is the remainder when 74941 is divided by 2417?
14
Calculate the remainder when 12424 is divided by 2.
0
What is the remainder when 123497 is divided by 325?
322
What is the remainder when 1851 is divided by 1644?
207
What is the remainder when 1975 is divided by 726?
523
Calculate the remainder when 305194 is divided by 560.
554
Calculate the remainder when 19068 is divided by 636.
624
What is the remainder when 5511 is divided by 2749?
13
What is the remainder when 352631 is divided by 58771?
5
What is the remainder w